se -36 = -4*n + 3*g + g, -n + 5*g = 7. What is the remainder when n is divided by 5?
3
Let l be (-10)/(-55) + (-431)/11. Let t = -22 - l. What is the remainder when t is divided by 9?
8
Let y = -4 - -7. What is the remainder when y is divided by 2?
1
Calculate the remainder when (-64)/(((-3)/4)/((-63)/(-56))) is divided by 33.
30
Let j = 66 - 45. What is the remainder when 124 is divided by j?
19
Let a(o) = o + 25. Let l = 223 + -129. Calculate the remainder when a(0) is divided by l/10 - 2/5.
7
Let h = 7 - 1. Suppose 2*z = i - 7, 4*i = h*i - 10. Calculate the remainder when 37 is divided by 11 + 1 - (z + 0).
11
Suppose 0 = -2*c + 5*d + 66, -4*c + c = -3*d - 90. Let x = -23 + 17. Let f(t) = -t**3 - 6*t**2 - 2*t - 2. What is the remainder when c is divided by f(x)?
8
Suppose 12*v - 11*v - 15 = 0. What is the remainder when v is divided by 10/3*12/5?
7
Let k be -6*(0 - (-9)/(-2)). Let a = k - 19. Let f(m) = 2*m**3 - 3*m**2 - 5*m + 3. What is the remainder when f(3) is divided by a?
7
Suppose 0 = 2*k + 14 + 6. What is the remainder when 0/(-2) + (-4 - k) is divided by 4?
2
Let h be 16/2*(-2)/(-8). Suppose 5*j + 0*y = 3*y + 52, 2*y = h. Let m(z) = -2*z - 10. Calculate the remainder when j is divided by m(-7).
3
Suppose -4*w - 22 = 2*k, 0 = -5*k + 5*w + 5 - 30. Suppose v = 3*s + 15, -4 = -5*s + 1. What is the remainder when v is divided by 6 + 0 - 3 - k?
8
Suppose -5*f + h = -198, 5*h = f + 2*h - 34. Let p(d) = d**2 + 6*d + 5. Let v be p(5). Suppose -4*u - 4 = -v. What is the remainder when f is divided by u?
12
Let u(n) = -n - 1. Let z(p) = 2*p + 2. Let a(d) = 5*u(d) + 3*z(d). Let l be a(-1). Suppose -68 = -l*k - 4*k. Calculate the remainder when k is divided by 6.
5
Let s = 237 + -155. Suppose 0 = 5*h + 3*p - 3 - s, -4*h + 85 = -p. Suppose -y = 4 - h. Calculate the remainder when y is divided by 9.
7
Let g = -15 - -29. Let x = g - 9. Calculate the remainder when 18 is divided by x.
3
Suppose 3*r = 4*k + 51, -3*r = 4*k - 5*k - 42. Calculate the remainder when -6*(20 - -4)/(-4) is divided by r.
10
Suppose q - 11 = -0. What is the remainder when 21 is divided by q + (2 - (-1)/(-1))?
9
Let d be 5*1 - (-12)/(-4). What is the remainder when 6*d/9*3 is divided by 3?
1
Let l(w) = w**2 - 3*w - 7. Let y = -5 + 10. Calculate the remainder when 4 is divided by l(y).
1
Let a(k) = -k**3 + 11*k**2 + 16*k - 30. Calculate the remainder when 32 is divided by a(12).
14
Let l be 1*-2*(-1)/(-2). Let g be l*(-2 + -13 + 0). Let s = -8 + g. Calculate the remainder when 12 is divided by s.
5
Suppose -2*x - 7 = 3*z - 6*x, z + 5*x - 23 = 0. Suppose 61 = 3*j + 5*o, 3*o = z*j - 59 + 14. What is the remainder when 32 is divided by j?
15
Suppose 6*k - 20 = k. What is the remainder when 14/k*120/70 is divided by 2?
0
Suppose -4*y + 2 = 2*v, -2*y - y + 3 = v. Suppose 0*l = -y*l + 138. Calculate the remainder when l is divided by 18.
15
Suppose n = 5*n + 5*u - 12, 5*n - 28 = -3*u. Calculate the remainder when 13 is divided by n.
5
Let c = -73 + 171. What is the remainder when c is divided by 20?
18
Let m be (-28)/(-8)*7*2. Suppose -4*a + 311 = 3*q, -2*a + 0*q + 159 = 5*q. Let x = a - m. What is the remainder when x is divided by 15?
13
Let r(k) = -4*k**2 + 3*k + 1. Let w be r(3). Let m = -15 - w. What is the remainder when 21 is divided by m?
10
Let j(l) = l**2 + 18*l + 29. Calculate the remainder when 173 is divided by j(-18).
28
Suppose c = -c - 94. Let t = c + 73. Suppose -42 = -3*w - 4*i, -2*i - 42 + 0 = -3*w. Calculate the remainder when t is divided by w.
12
Let x(d) = -d**3 - 7*d**2 + 9*d + 15. Let p be x(-8). Suppose 11*h - 132 = p*h. What is the remainder when 65 is divided by h?
32
Let j(o) = -o**2 + 4*o + 1. Let r(z) = -3*z**2 + 12*z + 4. Let w(f) = 8*j(f) - 3*r(f). What is the remainder when 29 is divided by w(-2)?
5
Let k(z) = -z**3 + z**2 + 16. Suppose -2*l + 6*l = 0. What is the remainder when 47 is divided by k(l)?
15
Let r be (1 - 1)/(-3 + 4). Suppose r*o + 3*o = 195. What is the remainder when o is divided by 17?
14
Let t(v) = -v**3 - 8*v**2 + 7*v - 7. Let d = 7 - 16. What is the remainder when 19 is divided by t(d)?
8
Let x = 6 - 6. Suppose -3*q = 3*d - 60, x = q + 3*q - d - 75. Calculate the remainder when 36 is divided by q.
17
Let o(a) = 6*a - 1. Let w be 4 + (2 + -1 - 2). Suppose 240 = -g + 6*g + w*r, 5*r + 200 = 5*g. What is the remainder when g is divided by o(4)?
22
Let f be 104*1/2*1. Suppose 0 = 2*r - 4, -w - 2*r + f = 2*r. Let p = -44 + 67. Calculate the remainder when w is divided by p.
21
Suppose -75 = -5*x - 5*i, -2*x + 0*i = -3*i - 5. Calculate the remainder when 17 is divided by x.
7
Let g be (16/(-10))/((-2)/(-10)). Let s be -5*1/(10/g). Let p = s + 4. What is the remainder when 15 is divided by p?
7
Calculate the remainder when 9/2*(-88)/(-12) is divided by 18.
15
Suppose 6*t - 23 - 1 = 0. Calculate the remainder when (-1 + -2*4)*-1 is divided by t.
1
Let y(l) = l + 8. Let d be y(-8). Let x = d + 8. What is the remainder when 38 is divided by x?
6
Let i = -47 - -67. Calculate the remainder when 58 is divided by i.
18
Let l(j) = -j - 6. Let r be l(-7). Let d(k) = 14*k**2 + 2*k - 1. What is the remainder when d(r) is divided by 6?
3
Let g be 1 + (-5 - -2) + -8. Let b(m) = 3*m**3 + m**2 + 2*m + 1. Let l be b(-1). Let y = l - g. Calculate the remainder when 12 is divided by y.
5
Let j be (-22)/(-1 - (-9)/15). Let h = j - 79. Calculate the remainder when 4 is divided by h/6*(-2)/4.
0
What is the remainder when 40 is divided by 68/11 + (-16)/88?
4
Let s(j) = -3*j**3 - 2*j**2 - 2*j + 1. What is the remainder when s(-2) is divided by 11?
10
Suppose -21*d + 20*d + 22 = 0. Calculate the remainder when d is divided by (-2)/(-4) + (-11)/(-2).
4
Let c(b) = 10*b - 23. What is the remainder when 80 is divided by c(5)?
26
Suppose 3*p = -5 - 4. Let d(u) = -u**3 - u**2 + 2*u - 3. Let b be d(p). Suppose -4 = -w + b. What is the remainder when w is divided by 7?
6
Let l be (-4)/(-6) + 2/6. What is the remainder when l - 2*13*-1 is divided by 14?
13
Let q(h) = h - 1. Let o be q(-4). Let x = 34 - o. Calculate the remainder when x is divided by 10.
9
Let y(u) = u + 1. Let c(g) = -6*g - 17. Let n(h) = -c(h) - 5*y(h). Calculate the remainder when 39 is divided by n(9).
18
Let a be (5/1)/(-2 + 1). Let m = -2 - a. Suppose 4*l = 5*r + l - 43, -27 = -m*r + 3*l. What is the remainder when r is divided by 5?
3
Let b(l) = -9*l - 7. Let g be b(-5). Let v = g - 19. Let x(c) = -54*c + 1. Calculate the remainder when x(-1) is divided by v.
17
Calculate the remainder when 35 is divided by 1*14 - (-44)/11.
17
Calculate the remainder when 51 is divided by 82/6 + 1*(-4)/6.
12
Let f = 5 - 6. Let w(t) = t**2 + 4*t - 7. Let p(k) = -k**2 - 3*k + 6. Let l(y) = -6*p(y) - 5*w(y). Calculate the remainder when l(f) is divided by 2.
0
Let q(k) = k - 1. What is the remainder when q(7) is divided by 3?
0
Suppose x = -5*m + 44, 2*x = -2*x - 4. What is the remainder when m is divided by 5?
4
Suppose -5*m = -4*m - 3. Suppose 25 = 5*d + p, -2*d = -d - m*p - 5. What is the remainder when (-1 + 3)/(-1) + 10 is divided by d?
3
Let w(d) = 10*d**2 - d + 1. Suppose 0 = -2*j, -u + 0 + 6 = -4*j. What is the remainder when w(1) is divided by u?
4
Suppose n - d = 26, -n + 29 - 6 = 2*d. Let v = 59 + -23. Let i = v - n. Calculate the remainder when i is divided by 7.
4
Let u(d) = -d + 19. Suppose -4*t + 2*t = -16. Let n = t + -4. What is the remainder when u(12) is divided by n?
3
What is the remainder when (((-696)/(-10))/(-3))/((-1)/5) is divided by 59?
57
Let f = 29 - -7. Let x = 10 + -8. Suppose -x*p = 3*p - 95. Calculate the remainder when f is divided by p.
17
Let o(p) = p**2 + 4*p - 1. Let r be o(-4). Suppose -7*c + 41 = -6*c. What is the remainder when c is divided by (-1)/r*0 - -14?
13
Calculate the remainder when (-20)/3*(-6)/4 is divided by 5.
0
Suppose 23 = 16*v - 489. What is the remainder when 95 is divided by v?
31
Suppose 34 = 3*b - 17. What is the remainder when b is divided by 6?
5
Suppose -3 = 4*s + 29. Let n(p) = -p - 2. What is the remainder when 15 is divided by n(s)?
3
Let r = 23 - 20. Let w = 75 - r. What is the remainder when w is divided by 25?
22
Calculate the remainder when 29 is divided by 2/(-7) + 116/14.
5
Suppose -4*u + 416 = -80. What is the remainder when u is divided by 4